{"id":34,"date":"2019-05-08T15:31:47","date_gmt":"2019-05-08T13:31:47","guid":{"rendered":"http:\/\/restaurant-lecluse.fr\/?page_id=34"},"modified":"2026-04-04T12:36:46","modified_gmt":"2026-04-04T10:36:46","slug":"accueil","status":"publish","type":"page","link":"https:\/\/restaurant-lecluse.fr\/","title":{"rendered":"Bienvenue \u00e0 CHANAZ,  Bienvenue au restaurant l\u2019Ecluse"},"content":{"rendered":"\n<figure class=\"wp-block-image size-full\"><img loading=\"lazy\" decoding=\"async\" width=\"1414\" height=\"2000\" src=\"https:\/\/restaurant-lecluse.fr\/wp-content\/uploads\/2026\/04\/Weekend-de-Paques.png\" alt=\"\" class=\"wp-image-2598\" srcset=\"https:\/\/restaurant-lecluse.fr\/wp-content\/uploads\/2026\/04\/Weekend-de-Paques.png 1414w, https:\/\/restaurant-lecluse.fr\/wp-content\/uploads\/2026\/04\/Weekend-de-Paques-212x300.png 212w, https:\/\/restaurant-lecluse.fr\/wp-content\/uploads\/2026\/04\/Weekend-de-Paques-724x1024.png 724w, https:\/\/restaurant-lecluse.fr\/wp-content\/uploads\/2026\/04\/Weekend-de-Paques-768x1086.png 768w, https:\/\/restaurant-lecluse.fr\/wp-content\/uploads\/2026\/04\/Weekend-de-Paques-1086x1536.png 1086w\" sizes=\"auto, (max-width: 1414px) 100vw, 1414px\" \/><\/figure>\n\n\n\n<p><\/p>\n\n\n\n<p class=\"has-drop-cap has-very-dark-gray-color has-very-light-gray-background-color has-text-color has-background\">L\u2019\u00e9quipe du restaurant l\u2019Ecluse vous propose de venir d\u00e9guster ses<strong> sp\u00e9cialit\u00e9s r\u00e9gionales<\/strong> dans un cadre <strong>convivial, chaleureux et familial.<\/strong><br>Pour accompagner vos plats pr\u00e9f\u00e9r\u00e9s, le restaurant l&rsquo;Ecluse<strong> vous propose une carte des vins vari\u00e9e <\/strong>dont un large choix provenant de<strong> vignerons locaux. <\/strong><br><br>Vous pourrez \u00e9galement profiter d&rsquo;une pause gourmande du c\u00f4t\u00e9 du Glacier de l\u2019\u00c9cluse avec nos d\u00e9licieuses suggestions<strong> de glaces et gaufres. <\/strong><br><br>L&rsquo;Ecluse c&rsquo;est aussi, une s\u00e9lection de pizzas \u00e0 venir d\u00e9guster le soir sur place ou \u00e0 emporter. <br><\/p>\n\n\n\n<p class=\"has-very-light-gray-background-color has-text-color has-background\" style=\"color:#232323\">Le restaurant est id\u00e9alement situ\u00e9 sur la base de loisirs de Chanaz, entre l&rsquo;\u00e9cluse et le village historique. <br><br>D\u00e9part d\u2019un des plus beaux canaux de France, en bordure du marais de Chautagne, d\u00e9couvrir Chanaz c\u2019est go\u00fbter au calme et au plaisir d\u2019admirer les paysages simplement.<br><br>Dans un environnement o\u00f9 l\u2019eau, la nature et la montagne se marient admirablement, le village fleuri de&nbsp;<a rel=\"noreferrer noopener\" href=\"http:\/\/www.chanaz.fr\/\" target=\"_blank\">Chanaz<\/a>, surnomm\u00e9e la Petite Venise Savoyarde, r\u00e9v\u00e8le ses richesses : moulin \u00e0 huile hydraulique, navigation de plaisance, de loisirs en cano\u00eb kayak, Stand Up Paddle et de&nbsp;bateaux promenade&nbsp;(canal de Savi\u00e8re, \u00e9cluse) jusqu\u2019au lac du Bourget<\/p>\n\n\n\n<hr class=\"wp-block-separator has-css-opacity\"\/>\n\n\n\n<h4 class=\"wp-block-heading\" id=\"informations-pratiques\"><br>Informations pratiques:<\/h4>\n\n\n\n<div class=\"wp-block-columns has-2-columns is-layout-flex wp-container-core-columns-is-layout-9d6595d7 wp-block-columns-is-layout-flex\">\n<div class=\"wp-block-column is-layout-flow wp-block-column-is-layout-flow\">\n<p><strong>Restaurant l&rsquo;Ecluse<\/strong><br>Base de loisirs, 73310 Chanaz<br><br>T\u00e9l.: 04 79 54 50 82<br>ecluse.restaurant@gmail.com<\/p>\n\n\n\n<p><strong>HORAIRES D&rsquo;OUVERTURES : <\/strong><\/p>\n\n\n\n<p><strong>LUNDI <\/strong> 12:00 &#8211; 14:00<br><strong>MARDI<\/strong> FERME<br><strong>MERCREDI<\/strong> FERME<br><strong>JEUDI<\/strong> 12:00 -14:00 18:00-21:30<br><strong>VENDREDI<\/strong> 12:00 &#8211; 14:00 18:00 &#8211; 21:30<br><strong>SAMEDI <\/strong> 12:00 &#8211; 14:30 18:00 &#8211; 22:00<br><strong>DIMANCHE<\/strong> 12:00 &#8211; 14:30 18:00 &#8211; 21:00<br><br> \u2022 Places de parking gratuites voitures, motos <br> \u2022 Les enfants sont bienvenus<br> \u2022 Les animaux sont admis<br> \u2022 Grande terrasse ombrag\u00e9e <br> \u2022 Glaces, gaufres du c\u00f4t\u00e9 du Chalet 16h-22h<\/p>\n<\/div>\n\n\n\n<div class=\"wp-block-column is-layout-flow wp-block-column-is-layout-flow\">\n<figure class=\"wp-block-image alignfull size-full\"><img loading=\"lazy\" decoding=\"async\" width=\"1241\" height=\"1561\" src=\"https:\/\/restaurant-lecluse.fr\/wp-content\/uploads\/2026\/04\/IMG_0303.jpeg\" alt=\"\" class=\"wp-image-2599\" srcset=\"https:\/\/restaurant-lecluse.fr\/wp-content\/uploads\/2026\/04\/IMG_0303.jpeg 1241w, https:\/\/restaurant-lecluse.fr\/wp-content\/uploads\/2026\/04\/IMG_0303-239x300.jpeg 239w, https:\/\/restaurant-lecluse.fr\/wp-content\/uploads\/2026\/04\/IMG_0303-814x1024.jpeg 814w, https:\/\/restaurant-lecluse.fr\/wp-content\/uploads\/2026\/04\/IMG_0303-768x966.jpeg 768w, https:\/\/restaurant-lecluse.fr\/wp-content\/uploads\/2026\/04\/IMG_0303-1221x1536.jpeg 1221w\" sizes=\"auto, (max-width: 1241px) 100vw, 1241px\" \/><\/figure>\n<\/div>\n<\/div>\n\n\n\n<p><\/p>\n\n\n\n<p class=\"has-text-color\" style=\"color:#ffffff\">restaurant traditionnel familial terrasse groupe musique \u00e9v\u00e9nements groupes privatisation chanaz savoie viarh\u00f4na canal de savieres portout aix les bains annecy cuisses de grenouilles poissons lac du bourget<\/p>\n\n\n\n<p>\u2019<\/p>\n","protected":false},"excerpt":{"rendered":"<p>L\u2019\u00e9quipe du restaurant l\u2019Ecluse vous propose de venir d\u00e9guster ses sp\u00e9cialit\u00e9s r\u00e9gionales dans un cadre convivial, chaleureux et familial.Pour accompagner vos plats pr\u00e9f\u00e9r\u00e9s, le restaurant l&rsquo;Ecluse vous propose une carte des vins vari\u00e9e dont un large choix provenant de vignerons locaux. Vous pourrez \u00e9galement profiter d&rsquo;une pause gourmande du c\u00f4t\u00e9 du Glacier de l\u2019\u00c9cluse avec [&hellip;]<\/p>\n","protected":false},"author":1,"featured_media":0,"parent":0,"menu_order":0,"comment_status":"closed","ping_status":"closed","template":"","meta":{"footnotes":""},"class_list":["post-34","page","type-page","status-publish","hentry"],"yoast_head":"<!-- This site is optimized with the Yoast SEO plugin v22.9 - https:\/\/yoast.com\/wordpress\/plugins\/seo\/ -->\n<title>Bienvenue \u00e0 CHANAZ, Bienvenue au restaurant l\u2019Ecluse - Restaurant l&#039;Ecluse<\/title>\n<meta name=\"description\" content=\"Restaurant l&#039;Ecluse \u00e0 Chanaz (73). Cuisine traditionnelle et familiale. Glacier et pizzeria. Grande terrasse ombrag\u00e9e. Groupes. Concert.\" \/>\n<meta name=\"robots\" content=\"index, follow, max-snippet:-1, max-image-preview:large, max-video-preview:-1\" \/>\n<link rel=\"canonical\" href=\"https:\/\/restaurant-lecluse.fr\/\" \/>\n<meta property=\"og:locale\" content=\"fr_FR\" \/>\n<meta property=\"og:type\" content=\"article\" \/>\n<meta property=\"og:title\" content=\"Bienvenue \u00e0 CHANAZ, Bienvenue au restaurant l\u2019Ecluse - Restaurant l&#039;Ecluse\" \/>\n<meta property=\"og:description\" content=\"Restaurant l&#039;Ecluse \u00e0 Chanaz (73). Cuisine traditionnelle et familiale. Glacier et pizzeria. Grande terrasse ombrag\u00e9e. Groupes. Concert.\" \/>\n<meta property=\"og:url\" content=\"https:\/\/restaurant-lecluse.fr\/\" \/>\n<meta property=\"og:site_name\" content=\"Restaurant l&#039;Ecluse\" \/>\n<meta property=\"article:modified_time\" content=\"2026-04-04T10:36:46+00:00\" \/>\n<meta property=\"og:image\" content=\"https:\/\/restaurant-lecluse.fr\/wp-content\/uploads\/2026\/04\/Weekend-de-Paques.png\" \/>\n<meta name=\"twitter:card\" content=\"summary_large_image\" \/>\n<meta name=\"twitter:label1\" content=\"Dur\u00e9e de lecture estim\u00e9e\" \/>\n\t<meta name=\"twitter:data1\" content=\"2 minutes\" \/>\n<script type=\"application\/ld+json\" class=\"yoast-schema-graph\">{\"@context\":\"https:\/\/schema.org\",\"@graph\":[{\"@type\":\"WebPage\",\"@id\":\"https:\/\/restaurant-lecluse.fr\/\",\"url\":\"https:\/\/restaurant-lecluse.fr\/\",\"name\":\"Bienvenue \u00e0 CHANAZ, Bienvenue au restaurant l\u2019Ecluse - Restaurant l&#039;Ecluse\",\"isPartOf\":{\"@id\":\"https:\/\/restaurant-lecluse.fr\/#website\"},\"primaryImageOfPage\":{\"@id\":\"https:\/\/restaurant-lecluse.fr\/#primaryimage\"},\"image\":{\"@id\":\"https:\/\/restaurant-lecluse.fr\/#primaryimage\"},\"thumbnailUrl\":\"https:\/\/restaurant-lecluse.fr\/wp-content\/uploads\/2026\/04\/Weekend-de-Paques.png\",\"datePublished\":\"2019-05-08T13:31:47+00:00\",\"dateModified\":\"2026-04-04T10:36:46+00:00\",\"description\":\"Restaurant l'Ecluse \u00e0 Chanaz (73). Cuisine traditionnelle et familiale. Glacier et pizzeria. Grande terrasse ombrag\u00e9e. Groupes. Concert.\",\"breadcrumb\":{\"@id\":\"https:\/\/restaurant-lecluse.fr\/#breadcrumb\"},\"inLanguage\":\"fr-FR\",\"potentialAction\":[{\"@type\":\"ReadAction\",\"target\":[\"https:\/\/restaurant-lecluse.fr\/\"]}]},{\"@type\":\"ImageObject\",\"inLanguage\":\"fr-FR\",\"@id\":\"https:\/\/restaurant-lecluse.fr\/#primaryimage\",\"url\":\"https:\/\/restaurant-lecluse.fr\/wp-content\/uploads\/2026\/04\/Weekend-de-Paques.png\",\"contentUrl\":\"https:\/\/restaurant-lecluse.fr\/wp-content\/uploads\/2026\/04\/Weekend-de-Paques.png\",\"width\":1414,\"height\":2000},{\"@type\":\"BreadcrumbList\",\"@id\":\"https:\/\/restaurant-lecluse.fr\/#breadcrumb\",\"itemListElement\":[{\"@type\":\"ListItem\",\"position\":1,\"name\":\"Accueil\",\"item\":\"https:\/\/restaurant-lecluse.fr\/\"},{\"@type\":\"ListItem\",\"position\":2,\"name\":\"Bienvenue \u00e0 CHANAZ, Bienvenue au restaurant l\u2019Ecluse\"}]},{\"@type\":\"WebSite\",\"@id\":\"https:\/\/restaurant-lecluse.fr\/#website\",\"url\":\"https:\/\/restaurant-lecluse.fr\/\",\"name\":\"Restaurant l&#039;Ecluse\",\"description\":\"Base de loisirs, Chanaz\",\"publisher\":{\"@id\":\"https:\/\/restaurant-lecluse.fr\/#organization\"},\"potentialAction\":[{\"@type\":\"SearchAction\",\"target\":{\"@type\":\"EntryPoint\",\"urlTemplate\":\"https:\/\/restaurant-lecluse.fr\/?s={search_term_string}\"},\"query-input\":\"required name=search_term_string\"}],\"inLanguage\":\"fr-FR\"},{\"@type\":\"Organization\",\"@id\":\"https:\/\/restaurant-lecluse.fr\/#organization\",\"name\":\"Restaurant l&#039;Ecluse\",\"url\":\"https:\/\/restaurant-lecluse.fr\/\",\"logo\":{\"@type\":\"ImageObject\",\"inLanguage\":\"fr-FR\",\"@id\":\"https:\/\/restaurant-lecluse.fr\/#\/schema\/logo\/image\/\",\"url\":\"https:\/\/restaurant-lecluse.fr\/wp-content\/uploads\/2023\/06\/cropped-Bar-Restaurant.png\",\"contentUrl\":\"https:\/\/restaurant-lecluse.fr\/wp-content\/uploads\/2023\/06\/cropped-Bar-Restaurant.png\",\"width\":500,\"height\":309,\"caption\":\"Restaurant l&#039;Ecluse\"},\"image\":{\"@id\":\"https:\/\/restaurant-lecluse.fr\/#\/schema\/logo\/image\/\"}}]}<\/script>\n<!-- \/ Yoast SEO plugin. -->","yoast_head_json":{"title":"Bienvenue \u00e0 CHANAZ, Bienvenue au restaurant l\u2019Ecluse - Restaurant l&#039;Ecluse","description":"Restaurant l'Ecluse \u00e0 Chanaz (73). Cuisine traditionnelle et familiale. Glacier et pizzeria. Grande terrasse ombrag\u00e9e. Groupes. Concert.","robots":{"index":"index","follow":"follow","max-snippet":"max-snippet:-1","max-image-preview":"max-image-preview:large","max-video-preview":"max-video-preview:-1"},"canonical":"https:\/\/restaurant-lecluse.fr\/","og_locale":"fr_FR","og_type":"article","og_title":"Bienvenue \u00e0 CHANAZ, Bienvenue au restaurant l\u2019Ecluse - Restaurant l&#039;Ecluse","og_description":"Restaurant l'Ecluse \u00e0 Chanaz (73). Cuisine traditionnelle et familiale. Glacier et pizzeria. Grande terrasse ombrag\u00e9e. Groupes. Concert.","og_url":"https:\/\/restaurant-lecluse.fr\/","og_site_name":"Restaurant l&#039;Ecluse","article_modified_time":"2026-04-04T10:36:46+00:00","og_image":[{"url":"https:\/\/restaurant-lecluse.fr\/wp-content\/uploads\/2026\/04\/Weekend-de-Paques.png"}],"twitter_card":"summary_large_image","twitter_misc":{"Dur\u00e9e de lecture estim\u00e9e":"2 minutes"},"schema":{"@context":"https:\/\/schema.org","@graph":[{"@type":"WebPage","@id":"https:\/\/restaurant-lecluse.fr\/","url":"https:\/\/restaurant-lecluse.fr\/","name":"Bienvenue \u00e0 CHANAZ, Bienvenue au restaurant l\u2019Ecluse - Restaurant l&#039;Ecluse","isPartOf":{"@id":"https:\/\/restaurant-lecluse.fr\/#website"},"primaryImageOfPage":{"@id":"https:\/\/restaurant-lecluse.fr\/#primaryimage"},"image":{"@id":"https:\/\/restaurant-lecluse.fr\/#primaryimage"},"thumbnailUrl":"https:\/\/restaurant-lecluse.fr\/wp-content\/uploads\/2026\/04\/Weekend-de-Paques.png","datePublished":"2019-05-08T13:31:47+00:00","dateModified":"2026-04-04T10:36:46+00:00","description":"Restaurant l'Ecluse \u00e0 Chanaz (73). Cuisine traditionnelle et familiale. Glacier et pizzeria. Grande terrasse ombrag\u00e9e. Groupes. Concert.","breadcrumb":{"@id":"https:\/\/restaurant-lecluse.fr\/#breadcrumb"},"inLanguage":"fr-FR","potentialAction":[{"@type":"ReadAction","target":["https:\/\/restaurant-lecluse.fr\/"]}]},{"@type":"ImageObject","inLanguage":"fr-FR","@id":"https:\/\/restaurant-lecluse.fr\/#primaryimage","url":"https:\/\/restaurant-lecluse.fr\/wp-content\/uploads\/2026\/04\/Weekend-de-Paques.png","contentUrl":"https:\/\/restaurant-lecluse.fr\/wp-content\/uploads\/2026\/04\/Weekend-de-Paques.png","width":1414,"height":2000},{"@type":"BreadcrumbList","@id":"https:\/\/restaurant-lecluse.fr\/#breadcrumb","itemListElement":[{"@type":"ListItem","position":1,"name":"Accueil","item":"https:\/\/restaurant-lecluse.fr\/"},{"@type":"ListItem","position":2,"name":"Bienvenue \u00e0 CHANAZ, Bienvenue au restaurant l\u2019Ecluse"}]},{"@type":"WebSite","@id":"https:\/\/restaurant-lecluse.fr\/#website","url":"https:\/\/restaurant-lecluse.fr\/","name":"Restaurant l&#039;Ecluse","description":"Base de loisirs, Chanaz","publisher":{"@id":"https:\/\/restaurant-lecluse.fr\/#organization"},"potentialAction":[{"@type":"SearchAction","target":{"@type":"EntryPoint","urlTemplate":"https:\/\/restaurant-lecluse.fr\/?s={search_term_string}"},"query-input":"required name=search_term_string"}],"inLanguage":"fr-FR"},{"@type":"Organization","@id":"https:\/\/restaurant-lecluse.fr\/#organization","name":"Restaurant l&#039;Ecluse","url":"https:\/\/restaurant-lecluse.fr\/","logo":{"@type":"ImageObject","inLanguage":"fr-FR","@id":"https:\/\/restaurant-lecluse.fr\/#\/schema\/logo\/image\/","url":"https:\/\/restaurant-lecluse.fr\/wp-content\/uploads\/2023\/06\/cropped-Bar-Restaurant.png","contentUrl":"https:\/\/restaurant-lecluse.fr\/wp-content\/uploads\/2023\/06\/cropped-Bar-Restaurant.png","width":500,"height":309,"caption":"Restaurant l&#039;Ecluse"},"image":{"@id":"https:\/\/restaurant-lecluse.fr\/#\/schema\/logo\/image\/"}}]}},"_links":{"self":[{"href":"https:\/\/restaurant-lecluse.fr\/index.php\/wp-json\/wp\/v2\/pages\/34","targetHints":{"allow":["GET"]}}],"collection":[{"href":"https:\/\/restaurant-lecluse.fr\/index.php\/wp-json\/wp\/v2\/pages"}],"about":[{"href":"https:\/\/restaurant-lecluse.fr\/index.php\/wp-json\/wp\/v2\/types\/page"}],"author":[{"embeddable":true,"href":"https:\/\/restaurant-lecluse.fr\/index.php\/wp-json\/wp\/v2\/users\/1"}],"replies":[{"embeddable":true,"href":"https:\/\/restaurant-lecluse.fr\/index.php\/wp-json\/wp\/v2\/comments?post=34"}],"version-history":[{"count":124,"href":"https:\/\/restaurant-lecluse.fr\/index.php\/wp-json\/wp\/v2\/pages\/34\/revisions"}],"predecessor-version":[{"id":2601,"href":"https:\/\/restaurant-lecluse.fr\/index.php\/wp-json\/wp\/v2\/pages\/34\/revisions\/2601"}],"wp:attachment":[{"href":"https:\/\/restaurant-lecluse.fr\/index.php\/wp-json\/wp\/v2\/media?parent=34"}],"curies":[{"name":"wp","href":"https:\/\/api.w.org\/{rel}","templated":true}]}}